{"id":4068,"date":"2026-04-23T12:09:07","date_gmt":"2026-04-23T15:09:07","guid":{"rendered":"https:\/\/www.sanwey.com.br\/global\/?page_id=4068"},"modified":"2026-05-06T09:05:22","modified_gmt":"2026-05-06T12:05:22","slug":"esg","status":"publish","type":"page","link":"https:\/\/www.sanwey.com.br\/global\/esg\/","title":{"rendered":"ESG"},"content":{"rendered":"\t\t<div data-elementor-type=\"wp-page\" data-elementor-id=\"4068\" class=\"elementor elementor-4068\" data-elementor-post-type=\"page\">\n\t\t\t\t\t\t\t\t\t<section class=\"elementor-section elementor-top-section elementor-element elementor-element-08a1872 elementor-section-stretched elementor-section-full_width elementor-section-height-default elementor-section-height-default\" data-id=\"08a1872\" data-element_type=\"section\" data-settings=\"{&quot;stretch_section&quot;:&quot;section-stretched&quot;}\">\n\t\t\t\t\t\t<div class=\"elementor-container elementor-column-gap-no\">\n\t\t\t\t\t<div class=\"elementor-column elementor-col-100 elementor-top-column elementor-element elementor-element-090f24d\" data-id=\"090f24d\" data-element_type=\"column\">\n\t\t\t<div class=\"elementor-widget-wrap\">\n\t\t\t\t\t\t\t\t\t<\/div>\n\t\t<\/div>\n\t\t\t\t\t\t\t<\/div>\n\t\t<\/section>\n\t\t\t\t<section class=\"elementor-section elementor-top-section elementor-element elementor-element-8dbca4a elementor-section-stretched elementor-section-full_width elementor-section-height-default elementor-section-height-default\" data-id=\"8dbca4a\" data-element_type=\"section\" data-settings=\"{&quot;stretch_section&quot;:&quot;section-stretched&quot;}\">\n\t\t\t\t\t\t<div class=\"elementor-container elementor-column-gap-default\">\n\t\t\t\t\t<div class=\"elementor-column elementor-col-100 elementor-top-column elementor-element elementor-element-c961fbd\" data-id=\"c961fbd\" data-element_type=\"column\">\n\t\t\t<div class=\"elementor-widget-wrap elementor-element-populated\">\n\t\t\t\t\t\t\t\t<div class=\"elementor-element elementor-element-897ef96 elementor-widget elementor-widget-menu-anchor\" data-id=\"897ef96\" data-element_type=\"widget\" data-widget_type=\"menu-anchor.default\">\n\t\t\t\t<div class=\"elementor-widget-container\">\n\t\t\t\t\t<div id=\"linha\" class=\"elementor-menu-anchor\"><\/div>\n\t\t\t\t<\/div>\n\t\t\t\t<\/div>\n\t\t\t\t<div class=\"elementor-element elementor-element-a42b7f3 elementor-widget elementor-widget-spacer\" data-id=\"a42b7f3\" data-element_type=\"widget\" data-widget_type=\"spacer.default\">\n\t\t\t\t<div class=\"elementor-widget-container\">\n\t\t\t\t\t<div class=\"elementor-spacer\">\n\t\t\t<div class=\"elementor-spacer-inner\"><\/div>\n\t\t<\/div>\n\t\t\t\t<\/div>\n\t\t\t\t<\/div>\n\t\t\t\t\t<\/div>\n\t\t<\/div>\n\t\t\t\t\t\t\t<\/div>\n\t\t<\/section>\n\t\t\t\t<section class=\"elementor-section elementor-top-section elementor-element elementor-element-9bb6bd7 elementor-section-stretched elementor-section-boxed elementor-section-height-default elementor-section-height-default\" data-id=\"9bb6bd7\" data-element_type=\"section\" data-settings=\"{&quot;stretch_section&quot;:&quot;section-stretched&quot;}\">\n\t\t\t\t\t\t<div class=\"elementor-container elementor-column-gap-default\">\n\t\t\t\t\t<div class=\"elementor-column elementor-col-100 elementor-top-column elementor-element elementor-element-0d03834\" data-id=\"0d03834\" data-element_type=\"column\">\n\t\t\t<div class=\"elementor-widget-wrap elementor-element-populated\">\n\t\t\t\t\t\t\t\t<section class=\"elementor-section elementor-inner-section elementor-element elementor-element-2ae73ebe elementor-section-boxed elementor-section-height-default elementor-section-height-default\" data-id=\"2ae73ebe\" data-element_type=\"section\">\n\t\t\t\t\t\t<div class=\"elementor-container elementor-column-gap-default\">\n\t\t\t\t\t<div class=\"elementor-column elementor-col-33 elementor-inner-column elementor-element elementor-element-21028feb\" data-id=\"21028feb\" data-element_type=\"column\">\n\t\t\t<div class=\"elementor-widget-wrap elementor-element-populated\">\n\t\t\t\t\t\t\t\t<div class=\"elementor-element elementor-element-c5bd53a elementor-widget elementor-widget-image\" data-id=\"c5bd53a\" data-element_type=\"widget\" data-widget_type=\"image.default\">\n\t\t\t\t<div class=\"elementor-widget-container\">\n\t\t\t\t\t\t\t\t\t\t\t\t\t\t\t<img fetchpriority=\"high\" decoding=\"async\" width=\"768\" height=\"712\" src=\"https:\/\/www.sanwey.com.br\/global\/wp-content\/uploads\/2026\/04\/esg-e-768x712.png\" class=\"attachment-medium_large size-medium_large wp-image-4074\" alt=\"\" srcset=\"https:\/\/www.sanwey.com.br\/global\/wp-content\/uploads\/2026\/04\/esg-e-768x712.png 768w, https:\/\/www.sanwey.com.br\/global\/wp-content\/uploads\/2026\/04\/esg-e-300x278.png 300w, https:\/\/www.sanwey.com.br\/global\/wp-content\/uploads\/2026\/04\/esg-e.png 1025w\" sizes=\"(max-width: 768px) 100vw, 768px\" \/>\t\t\t\t\t\t\t\t\t\t\t\t\t\t\t<\/div>\n\t\t\t\t<\/div>\n\t\t\t\t<div class=\"elementor-element elementor-element-67bdb3ad elementor-widget elementor-widget-heading\" data-id=\"67bdb3ad\" data-element_type=\"widget\" data-widget_type=\"heading.default\">\n\t\t\t\t<div class=\"elementor-widget-container\">\n\t\t\t<h5 class=\"elementor-heading-title elementor-size-large\">Pr\u00e1ticas Ambientais<\/h5>\t\t<\/div>\n\t\t\t\t<\/div>\n\t\t\t\t<div class=\"elementor-element elementor-element-778907f elementor-widget elementor-widget-heading\" data-id=\"778907f\" data-element_type=\"widget\" data-widget_type=\"heading.default\">\n\t\t\t\t<div class=\"elementor-widget-container\">\n\t\t\t<h5 class=\"elementor-heading-title elementor-size-default\"><font color=\"#7a7a7a\" style=\"font-weight: 400; \">Relaciona-se ao impacto da empresa no meio ambiente.<\/font><\/h5>\t\t<\/div>\n\t\t\t\t<\/div>\n\t\t\t\t\t<\/div>\n\t\t<\/div>\n\t\t\t\t<div class=\"elementor-column elementor-col-33 elementor-inner-column elementor-element elementor-element-f744138\" data-id=\"f744138\" data-element_type=\"column\">\n\t\t\t<div class=\"elementor-widget-wrap elementor-element-populated\">\n\t\t\t\t\t\t\t\t<div class=\"elementor-element elementor-element-9a9159d elementor-widget elementor-widget-image\" data-id=\"9a9159d\" data-element_type=\"widget\" data-widget_type=\"image.default\">\n\t\t\t\t<div class=\"elementor-widget-container\">\n\t\t\t\t\t\t\t\t\t\t\t\t\t\t\t<img decoding=\"async\" width=\"768\" height=\"712\" src=\"https:\/\/www.sanwey.com.br\/global\/wp-content\/uploads\/2026\/04\/esg-s-768x712.png\" class=\"attachment-medium_large size-medium_large wp-image-4075\" alt=\"\" srcset=\"https:\/\/www.sanwey.com.br\/global\/wp-content\/uploads\/2026\/04\/esg-s-768x712.png 768w, https:\/\/www.sanwey.com.br\/global\/wp-content\/uploads\/2026\/04\/esg-s-300x278.png 300w, https:\/\/www.sanwey.com.br\/global\/wp-content\/uploads\/2026\/04\/esg-s.png 1025w\" sizes=\"(max-width: 768px) 100vw, 768px\" \/>\t\t\t\t\t\t\t\t\t\t\t\t\t\t\t<\/div>\n\t\t\t\t<\/div>\n\t\t\t\t<div class=\"elementor-element elementor-element-0acacca elementor-widget elementor-widget-heading\" data-id=\"0acacca\" data-element_type=\"widget\" data-widget_type=\"heading.default\">\n\t\t\t\t<div class=\"elementor-widget-container\">\n\t\t\t<h5 class=\"elementor-heading-title elementor-size-large\">Pr\u00e1ticas Sociais<\/h5>\t\t<\/div>\n\t\t\t\t<\/div>\n\t\t\t\t<div class=\"elementor-element elementor-element-d63a26e elementor-widget elementor-widget-heading\" data-id=\"d63a26e\" data-element_type=\"widget\" data-widget_type=\"heading.default\">\n\t\t\t\t<div class=\"elementor-widget-container\">\n\t\t\t<h5 class=\"elementor-heading-title elementor-size-default\"><font color=\"#7a7a7a\" style=\"font-weight: 400; \">Refere-se \u00e0 como a empresa se relaciona com colaboradores, clientes e\ncomunidade.<\/font><\/h5>\t\t<\/div>\n\t\t\t\t<\/div>\n\t\t\t\t\t<\/div>\n\t\t<\/div>\n\t\t\t\t<div class=\"elementor-column elementor-col-33 elementor-inner-column elementor-element elementor-element-8467dbe\" data-id=\"8467dbe\" data-element_type=\"column\">\n\t\t\t<div class=\"elementor-widget-wrap elementor-element-populated\">\n\t\t\t\t\t\t\t\t<div class=\"elementor-element elementor-element-5df19b7 elementor-widget elementor-widget-image\" data-id=\"5df19b7\" data-element_type=\"widget\" data-widget_type=\"image.default\">\n\t\t\t\t<div class=\"elementor-widget-container\">\n\t\t\t\t\t\t\t\t\t\t\t\t\t\t\t<img decoding=\"async\" width=\"1024\" height=\"949\" src=\"https:\/\/www.sanwey.com.br\/global\/wp-content\/uploads\/2026\/04\/esg-g.png\" class=\"attachment-large size-large wp-image-4073\" alt=\"\" srcset=\"https:\/\/www.sanwey.com.br\/global\/wp-content\/uploads\/2026\/04\/esg-g.png 1025w, https:\/\/www.sanwey.com.br\/global\/wp-content\/uploads\/2026\/04\/esg-g-300x278.png 300w, https:\/\/www.sanwey.com.br\/global\/wp-content\/uploads\/2026\/04\/esg-g-768x712.png 768w\" sizes=\"(max-width: 1024px) 100vw, 1024px\" \/>\t\t\t\t\t\t\t\t\t\t\t\t\t\t\t<\/div>\n\t\t\t\t<\/div>\n\t\t\t\t<div class=\"elementor-element elementor-element-4cd9391 elementor-widget elementor-widget-heading\" data-id=\"4cd9391\" data-element_type=\"widget\" data-widget_type=\"heading.default\">\n\t\t\t\t<div class=\"elementor-widget-container\">\n\t\t\t<h5 class=\"elementor-heading-title elementor-size-large\">Governan\u00e7a Corporativa<\/h5>\t\t<\/div>\n\t\t\t\t<\/div>\n\t\t\t\t<div class=\"elementor-element elementor-element-1f96f55 elementor-widget elementor-widget-heading\" data-id=\"1f96f55\" data-element_type=\"widget\" data-widget_type=\"heading.default\">\n\t\t\t\t<div class=\"elementor-widget-container\">\n\t\t\t<h5 class=\"elementor-heading-title elementor-size-default\"><font color=\"#7a7a7a\" style=\"font-weight: 400; \">Envolve as pr\u00e1ticas de gest\u00e3o, \u00e9tica corporativa e transpar\u00eancia<\/font><\/h5>\t\t<\/div>\n\t\t\t\t<\/div>\n\t\t\t\t\t<\/div>\n\t\t<\/div>\n\t\t\t\t\t\t\t<\/div>\n\t\t<\/section>\n\t\t\t\t\t<\/div>\n\t\t<\/div>\n\t\t\t\t\t\t\t<\/div>\n\t\t<\/section>\n\t\t\t\t<section class=\"elementor-section elementor-top-section elementor-element elementor-element-0af0ad9 elementor-section-content-middle elementor-section-height-min-height elementor-section-boxed elementor-section-height-default elementor-section-items-middle\" data-id=\"0af0ad9\" data-element_type=\"section\">\n\t\t\t\t\t\t<div class=\"elementor-container elementor-column-gap-default\">\n\t\t\t\t\t<div class=\"elementor-column elementor-col-50 elementor-top-column elementor-element elementor-element-fe1fb83\" data-id=\"fe1fb83\" data-element_type=\"column\">\n\t\t\t<div class=\"elementor-widget-wrap elementor-element-populated\">\n\t\t\t\t\t\t\t\t<div class=\"elementor-element elementor-element-b325a71 elementor-widget elementor-widget-image\" data-id=\"b325a71\" data-element_type=\"widget\" data-widget_type=\"image.default\">\n\t\t\t\t<div class=\"elementor-widget-container\">\n\t\t\t\t\t\t\t\t\t\t\t\t\t\t\t<img loading=\"lazy\" decoding=\"async\" width=\"1024\" height=\"940\" src=\"https:\/\/www.sanwey.com.br\/global\/wp-content\/uploads\/2026\/04\/esg-foto-1024x940.png\" class=\"attachment-large size-large wp-image-4076\" alt=\"\" srcset=\"https:\/\/www.sanwey.com.br\/global\/wp-content\/uploads\/2026\/04\/esg-foto-1024x940.png 1024w, https:\/\/www.sanwey.com.br\/global\/wp-content\/uploads\/2026\/04\/esg-foto-300x276.png 300w, https:\/\/www.sanwey.com.br\/global\/wp-content\/uploads\/2026\/04\/esg-foto-768x705.png 768w, https:\/\/www.sanwey.com.br\/global\/wp-content\/uploads\/2026\/04\/esg-foto-1536x1411.png 1536w, https:\/\/www.sanwey.com.br\/global\/wp-content\/uploads\/2026\/04\/esg-foto.png 1568w\" sizes=\"(max-width: 1024px) 100vw, 1024px\" \/>\t\t\t\t\t\t\t\t\t\t\t\t\t\t\t<\/div>\n\t\t\t\t<\/div>\n\t\t\t\t\t<\/div>\n\t\t<\/div>\n\t\t\t\t<div class=\"elementor-column elementor-col-50 elementor-top-column elementor-element elementor-element-a34460c\" data-id=\"a34460c\" data-element_type=\"column\">\n\t\t\t<div class=\"elementor-widget-wrap elementor-element-populated\">\n\t\t\t\t\t\t\t\t<div class=\"elementor-element elementor-element-6370fd8 elementor-widget elementor-widget-text-editor\" data-id=\"6370fd8\" data-element_type=\"widget\" data-widget_type=\"text-editor.default\">\n\t\t\t\t<div class=\"elementor-widget-container\">\n\t\t\t\t\t\t\t<h5 style=\"font-size: 29px; font-weight: 600; font-family: Roboto, sans-serif; line-height: 1em; letter-spacing: normal; text-transform: none; color: #e44545; margin-bottom: 20px;\">Compromisso ESG da Sanwey<\/h5>\n<p style=\"margin-bottom: 16px;\">Na Sanwey acreditamos que o&nbsp;desenvolvimento sustent\u00e1vel \u00e9 essencial para o futuro das organiza\u00e7\u00f5es e da sociedade.<\/p>\n<p style=\"margin-bottom: 16px;\">Por isso, buscamos integrar pr\u00e1ticas ambientais, sociais e de governan\u00e7a em nossas opera\u00e7\u00f5es, promovendo inova\u00e7\u00e3o, responsabilidade e melhoria cont\u00ednua.<\/p>\n<p>Nosso compromisso ESG est\u00e1 presente em diversas iniciativas que envolvem:<\/p>\n<ul style=\"margin-top: -10px;\">\n<li>Efici\u00eancia energ\u00e9tica<\/li>\n<li>Gest\u00e3o respons\u00e1vel de res\u00edduos<\/li>\n<li>Valoriza\u00e7\u00e3o dos colaboradores<\/li>\n<li>Governan\u00e7a corporativa transparente<\/li>\n<\/ul>\n<p style=\"margin-bottom: 0\"><br>Essas a\u00e7\u00f5es geram valor para clientes, colaboradores, parceiros e para a sociedade como um todo.<\/p>\t\t\t\t\t\t<\/div>\n\t\t\t\t<\/div>\n\t\t\t\t\t<\/div>\n\t\t<\/div>\n\t\t\t\t\t\t\t<\/div>\n\t\t<\/section>\n\t\t\t\t<section class=\"elementor-section elementor-top-section elementor-element elementor-element-bd0f989 elementor-section-boxed elementor-section-height-default elementor-section-height-default\" data-id=\"bd0f989\" data-element_type=\"section\">\n\t\t\t\t\t\t<div class=\"elementor-container elementor-column-gap-default\">\n\t\t\t\t\t<div class=\"elementor-column elementor-col-100 elementor-top-column elementor-element elementor-element-307b0e4\" data-id=\"307b0e4\" data-element_type=\"column\">\n\t\t\t<div class=\"elementor-widget-wrap elementor-element-populated\">\n\t\t\t\t\t\t\t\t<div class=\"elementor-element elementor-element-8577a71 elementor-widget elementor-widget-image\" data-id=\"8577a71\" data-element_type=\"widget\" data-widget_type=\"image.default\">\n\t\t\t\t<div class=\"elementor-widget-container\">\n\t\t\t\t\t\t\t\t\t\t\t\t\t\t\t<img loading=\"lazy\" decoding=\"async\" width=\"1920\" height=\"500\" src=\"https:\/\/www.sanwey.com.br\/global\/wp-content\/uploads\/2026\/04\/acesso-ao-esg.png\" class=\"attachment-full size-full wp-image-4090\" alt=\"\" srcset=\"https:\/\/www.sanwey.com.br\/global\/wp-content\/uploads\/2026\/04\/acesso-ao-esg.png 1920w, https:\/\/www.sanwey.com.br\/global\/wp-content\/uploads\/2026\/04\/acesso-ao-esg-300x78.png 300w, https:\/\/www.sanwey.com.br\/global\/wp-content\/uploads\/2026\/04\/acesso-ao-esg-1024x267.png 1024w, https:\/\/www.sanwey.com.br\/global\/wp-content\/uploads\/2026\/04\/acesso-ao-esg-768x200.png 768w, https:\/\/www.sanwey.com.br\/global\/wp-content\/uploads\/2026\/04\/acesso-ao-esg-1536x400.png 1536w\" sizes=\"(max-width: 1920px) 100vw, 1920px\" \/>\t\t\t\t\t\t\t\t\t\t\t\t\t\t\t<\/div>\n\t\t\t\t<\/div>\n\t\t\t\t\t<\/div>\n\t\t<\/div>\n\t\t\t\t\t\t\t<\/div>\n\t\t<\/section>\n\t\t\t\t<section class=\"elementor-section elementor-top-section elementor-element elementor-element-997decc elementor-section-boxed elementor-section-height-default elementor-section-height-default\" data-id=\"997decc\" data-element_type=\"section\">\n\t\t\t\t\t\t<div class=\"elementor-container elementor-column-gap-default\">\n\t\t\t\t\t<div class=\"elementor-column elementor-col-100 elementor-top-column elementor-element elementor-element-ca262bc\" data-id=\"ca262bc\" data-element_type=\"column\">\n\t\t\t<div class=\"elementor-widget-wrap\">\n\t\t\t\t\t\t\t\t\t<\/div>\n\t\t<\/div>\n\t\t\t\t\t\t\t<\/div>\n\t\t<\/section>\n\t\t\t\t<section class=\"elementor-section elementor-top-section elementor-element elementor-element-91863a9 elementor-section-boxed elementor-section-height-default elementor-section-height-default\" data-id=\"91863a9\" data-element_type=\"section\">\n\t\t\t\t\t\t<div class=\"elementor-container elementor-column-gap-default\">\n\t\t\t\t\t<div class=\"elementor-column elementor-col-100 elementor-top-column elementor-element elementor-element-580b5fe\" data-id=\"580b5fe\" data-element_type=\"column\">\n\t\t\t<div class=\"elementor-widget-wrap elementor-element-populated\">\n\t\t\t\t\t\t\t\t<div class=\"elementor-element elementor-element-9a7f354 elementor-button-align-stretch elementor-widget elementor-widget-form\" data-id=\"9a7f354\" data-element_type=\"widget\" data-settings=\"{&quot;step_next_label&quot;:&quot;Next&quot;,&quot;step_previous_label&quot;:&quot;Previous&quot;,&quot;button_width&quot;:&quot;100&quot;,&quot;step_type&quot;:&quot;number_text&quot;,&quot;step_icon_shape&quot;:&quot;circle&quot;}\" data-widget_type=\"form.default\">\n\t\t\t\t<div class=\"elementor-widget-container\">\n\t\t\t\t\t<form class=\"elementor-form\" method=\"post\" name=\"New Form\">\n\t\t\t<input type=\"hidden\" name=\"post_id\" value=\"4068\"\/>\n\t\t\t<input type=\"hidden\" name=\"form_id\" value=\"9a7f354\"\/>\n\t\t\t<input type=\"hidden\" name=\"referer_title\" value=\"Sanwey\" \/>\n\n\t\t\t\n\t\t\t<div class=\"elementor-form-fields-wrapper elementor-labels-above\">\n\t\t\t\t\t\t\t\t<div class=\"elementor-field-type-text elementor-field-group elementor-column elementor-field-group-name elementor-col-100\">\n\t\t\t\t\t\t\t\t\t\t\t\t\t<input size=\"1\" type=\"text\" name=\"form_fields[name]\" id=\"form-field-name\" class=\"elementor-field elementor-size-sm  elementor-field-textual\" placeholder=\"Nome\">\n\t\t\t\t\t\t\t\t\t\t\t<\/div>\n\t\t\t\t\t\t\t\t<div class=\"elementor-field-type-text elementor-field-group elementor-column elementor-field-group-field_5f0b3ea elementor-col-100\">\n\t\t\t\t\t\t\t\t\t\t\t\t\t<input size=\"1\" type=\"text\" name=\"form_fields[field_5f0b3ea]\" id=\"form-field-field_5f0b3ea\" class=\"elementor-field elementor-size-sm  elementor-field-textual\" placeholder=\"Empresa\">\n\t\t\t\t\t\t\t\t\t\t\t<\/div>\n\t\t\t\t\t\t\t\t<div class=\"elementor-field-type-email elementor-field-group elementor-column elementor-field-group-email elementor-col-100 elementor-field-required\">\n\t\t\t\t\t\t\t\t\t\t\t\t\t<input size=\"1\" type=\"email\" name=\"form_fields[email]\" id=\"form-field-email\" class=\"elementor-field elementor-size-sm  elementor-field-textual\" placeholder=\"Email\" required=\"required\" aria-required=\"true\">\n\t\t\t\t\t\t\t\t\t\t\t<\/div>\n\t\t\t\t\t\t\t\t<div class=\"elementor-field-group elementor-column elementor-field-type-submit elementor-col-100 e-form__buttons\">\n\t\t\t\t\t<button type=\"submit\" class=\"elementor-button elementor-size-sm\">\n\t\t\t\t\t\t<span >\n\t\t\t\t\t\t\t\t\t\t\t\t\t\t\t<span class=\" elementor-button-icon\">\n\t\t\t\t\t\t\t\t\t\t\t\t\t\t\t\t\t\t\t\t\t\t\t\t\t\t<\/span>\n\t\t\t\t\t\t\t\t\t\t\t\t\t\t\t\t\t\t\t\t\t\t<span class=\"elementor-button-text\">Quero ter acesso ao relat\u00f3rio ESG<\/span>\n\t\t\t\t\t\t\t\t\t\t\t\t\t<\/span>\n\t\t\t\t\t<\/button>\n\t\t\t\t<\/div>\n\t\t\t<\/div>\n\t\t<\/form>\n\t\t\t\t<\/div>\n\t\t\t\t<\/div>\n\t\t\t\t\t<\/div>\n\t\t<\/div>\n\t\t\t\t\t\t\t<\/div>\n\t\t<\/section>\n\t\t\t\t\t\t\t<\/div>\n\t\t","protected":false},"excerpt":{"rendered":"<p>Pr\u00e1ticas Ambientais Relaciona-se ao impacto da empresa no meio ambiente. Pr\u00e1ticas Sociais Refere-se \u00e0 como a empresa se relaciona com colaboradores, clientes e comunidade. Governan\u00e7a Corporativa Envolve as pr\u00e1ticas de gest\u00e3o, \u00e9tica corporativa e transpar\u00eancia Compromisso ESG da Sanwey Na Sanwey acreditamos que o&nbsp;desenvolvimento sustent\u00e1vel \u00e9 essencial para o futuro das organiza\u00e7\u00f5es e da sociedade.&hellip;&nbsp;<a href=\"https:\/\/www.sanwey.com.br\/global\/esg\/\" class=\"\" rel=\"bookmark\">Continue a ler &raquo;<span class=\"screen-reader-text\">ESG<\/span><\/a><\/p>\n","protected":false},"author":9,"featured_media":0,"parent":0,"menu_order":0,"comment_status":"closed","ping_status":"closed","template":"elementor_header_footer","meta":{"neve_meta_sidebar":"full-width","neve_meta_container":"","neve_meta_enable_content_width":"on","neve_meta_content_width":100,"neve_meta_title_alignment":"","neve_meta_author_avatar":"","neve_post_elements_order":"","neve_meta_disable_header":"","neve_meta_disable_footer":"","neve_meta_disable_title":"","footnotes":""},"yoast_head":"<!-- This site is optimized with the Yoast SEO Premium plugin v18.3 (Yoast SEO v18.5) - https:\/\/yoast.com\/wordpress\/plugins\/seo\/ -->\n<title>ESG - Sanwey<\/title>\n<meta name=\"description\" content=\"Pioneira no desenvolvimento de Bigbags | Sanbag | A empresa com a melhor qualidade e solu\u00e7\u00f5es em Contentores Flex\u00edveis | Especialista em Bigbags.\" \/>\n<meta name=\"robots\" content=\"index, follow, max-snippet:-1, max-image-preview:large, max-video-preview:-1\" \/>\n<link rel=\"canonical\" href=\"https:\/\/www.sanwey.com.br\/global\/esg\/\" \/>\n<meta property=\"og:locale\" content=\"pt_BR\" \/>\n<meta property=\"og:type\" content=\"article\" \/>\n<meta property=\"og:title\" content=\"ESG\" \/>\n<meta property=\"og:description\" content=\"Pioneira no desenvolvimento de Bigbags | Sanbag | A empresa com a melhor qualidade e solu\u00e7\u00f5es em Contentores Flex\u00edveis | Especialista em Bigbags.\" \/>\n<meta property=\"og:url\" content=\"https:\/\/www.sanwey.com.br\/global\/esg\/\" \/>\n<meta property=\"og:site_name\" content=\"Sanwey\" \/>\n<meta property=\"article:modified_time\" content=\"2026-05-06T12:05:22+00:00\" \/>\n<meta property=\"og:image\" content=\"https:\/\/www.sanwey.com.br\/global\/wp-content\/uploads\/2026\/04\/esg-e-768x712.png\" \/>\n<meta name=\"twitter:card\" content=\"summary_large_image\" \/>\n<meta name=\"twitter:label1\" content=\"Est. tempo de leitura\" \/>\n\t<meta name=\"twitter:data1\" content=\"10 minutos\" \/>\n<script type=\"application\/ld+json\" class=\"yoast-schema-graph\">{\"@context\":\"https:\/\/schema.org\",\"@graph\":[{\"@type\":\"WebSite\",\"@id\":\"https:\/\/www.sanwey.com.br\/global\/#website\",\"url\":\"https:\/\/www.sanwey.com.br\/global\/\",\"name\":\"Sanwey\",\"description\":\"Sanwey - Big Bags (FIBC - Contentores Flex\u00edveis)\",\"potentialAction\":[{\"@type\":\"SearchAction\",\"target\":{\"@type\":\"EntryPoint\",\"urlTemplate\":\"https:\/\/www.sanwey.com.br\/global\/?s={search_term_string}\"},\"query-input\":\"required name=search_term_string\"}],\"inLanguage\":\"pt-BR\"},{\"@type\":\"ImageObject\",\"@id\":\"https:\/\/www.sanwey.com.br\/global\/esg\/#primaryimage\",\"inLanguage\":\"pt-BR\",\"url\":\"https:\/\/www.sanwey.com.br\/global\/wp-content\/uploads\/2026\/04\/esg-e.png\",\"contentUrl\":\"https:\/\/www.sanwey.com.br\/global\/wp-content\/uploads\/2026\/04\/esg-e.png\",\"width\":1025,\"height\":950},{\"@type\":\"WebPage\",\"@id\":\"https:\/\/www.sanwey.com.br\/global\/esg\/#webpage\",\"url\":\"https:\/\/www.sanwey.com.br\/global\/esg\/\",\"name\":\"ESG - Sanwey\",\"isPartOf\":{\"@id\":\"https:\/\/www.sanwey.com.br\/global\/#website\"},\"primaryImageOfPage\":{\"@id\":\"https:\/\/www.sanwey.com.br\/global\/esg\/#primaryimage\"},\"datePublished\":\"2026-04-23T15:09:07+00:00\",\"dateModified\":\"2026-05-06T12:05:22+00:00\",\"description\":\"Pioneira no desenvolvimento de Bigbags | Sanbag | A empresa com a melhor qualidade e solu\u00e7\u00f5es em Contentores Flex\u00edveis | Especialista em Bigbags.\",\"breadcrumb\":{\"@id\":\"https:\/\/www.sanwey.com.br\/global\/esg\/#breadcrumb\"},\"inLanguage\":\"pt-BR\",\"potentialAction\":[{\"@type\":\"ReadAction\",\"target\":[\"https:\/\/www.sanwey.com.br\/global\/esg\/\"]}]},{\"@type\":\"BreadcrumbList\",\"@id\":\"https:\/\/www.sanwey.com.br\/global\/esg\/#breadcrumb\",\"itemListElement\":[{\"@type\":\"ListItem\",\"position\":1,\"name\":\"In\u00edcio\",\"item\":\"https:\/\/www.sanwey.com.br\/global\/\"},{\"@type\":\"ListItem\",\"position\":2,\"name\":\"ESG\"}]}]}<\/script>\n<!-- \/ Yoast SEO Premium plugin. -->","yoast_head_json":{"title":"ESG - Sanwey","description":"Pioneira no desenvolvimento de Bigbags | Sanbag | A empresa com a melhor qualidade e solu\u00e7\u00f5es em Contentores Flex\u00edveis | Especialista em Bigbags.","robots":{"index":"index","follow":"follow","max-snippet":"max-snippet:-1","max-image-preview":"max-image-preview:large","max-video-preview":"max-video-preview:-1"},"canonical":"https:\/\/www.sanwey.com.br\/global\/esg\/","og_locale":"pt_BR","og_type":"article","og_title":"ESG","og_description":"Pioneira no desenvolvimento de Bigbags | Sanbag | A empresa com a melhor qualidade e solu\u00e7\u00f5es em Contentores Flex\u00edveis | Especialista em Bigbags.","og_url":"https:\/\/www.sanwey.com.br\/global\/esg\/","og_site_name":"Sanwey","article_modified_time":"2026-05-06T12:05:22+00:00","og_image":[{"url":"https:\/\/www.sanwey.com.br\/global\/wp-content\/uploads\/2026\/04\/esg-e-768x712.png"}],"twitter_card":"summary_large_image","twitter_misc":{"Est. tempo de leitura":"10 minutos"},"schema":{"@context":"https:\/\/schema.org","@graph":[{"@type":"WebSite","@id":"https:\/\/www.sanwey.com.br\/global\/#website","url":"https:\/\/www.sanwey.com.br\/global\/","name":"Sanwey","description":"Sanwey - Big Bags (FIBC - Contentores Flex\u00edveis)","potentialAction":[{"@type":"SearchAction","target":{"@type":"EntryPoint","urlTemplate":"https:\/\/www.sanwey.com.br\/global\/?s={search_term_string}"},"query-input":"required name=search_term_string"}],"inLanguage":"pt-BR"},{"@type":"ImageObject","@id":"https:\/\/www.sanwey.com.br\/global\/esg\/#primaryimage","inLanguage":"pt-BR","url":"https:\/\/www.sanwey.com.br\/global\/wp-content\/uploads\/2026\/04\/esg-e.png","contentUrl":"https:\/\/www.sanwey.com.br\/global\/wp-content\/uploads\/2026\/04\/esg-e.png","width":1025,"height":950},{"@type":"WebPage","@id":"https:\/\/www.sanwey.com.br\/global\/esg\/#webpage","url":"https:\/\/www.sanwey.com.br\/global\/esg\/","name":"ESG - Sanwey","isPartOf":{"@id":"https:\/\/www.sanwey.com.br\/global\/#website"},"primaryImageOfPage":{"@id":"https:\/\/www.sanwey.com.br\/global\/esg\/#primaryimage"},"datePublished":"2026-04-23T15:09:07+00:00","dateModified":"2026-05-06T12:05:22+00:00","description":"Pioneira no desenvolvimento de Bigbags | Sanbag | A empresa com a melhor qualidade e solu\u00e7\u00f5es em Contentores Flex\u00edveis | Especialista em Bigbags.","breadcrumb":{"@id":"https:\/\/www.sanwey.com.br\/global\/esg\/#breadcrumb"},"inLanguage":"pt-BR","potentialAction":[{"@type":"ReadAction","target":["https:\/\/www.sanwey.com.br\/global\/esg\/"]}]},{"@type":"BreadcrumbList","@id":"https:\/\/www.sanwey.com.br\/global\/esg\/#breadcrumb","itemListElement":[{"@type":"ListItem","position":1,"name":"In\u00edcio","item":"https:\/\/www.sanwey.com.br\/global\/"},{"@type":"ListItem","position":2,"name":"ESG"}]}]}},"_links":{"self":[{"href":"https:\/\/www.sanwey.com.br\/global\/wp-json\/wp\/v2\/pages\/4068"}],"collection":[{"href":"https:\/\/www.sanwey.com.br\/global\/wp-json\/wp\/v2\/pages"}],"about":[{"href":"https:\/\/www.sanwey.com.br\/global\/wp-json\/wp\/v2\/types\/page"}],"author":[{"embeddable":true,"href":"https:\/\/www.sanwey.com.br\/global\/wp-json\/wp\/v2\/users\/9"}],"replies":[{"embeddable":true,"href":"https:\/\/www.sanwey.com.br\/global\/wp-json\/wp\/v2\/comments?post=4068"}],"version-history":[{"count":43,"href":"https:\/\/www.sanwey.com.br\/global\/wp-json\/wp\/v2\/pages\/4068\/revisions"}],"predecessor-version":[{"id":4130,"href":"https:\/\/www.sanwey.com.br\/global\/wp-json\/wp\/v2\/pages\/4068\/revisions\/4130"}],"wp:attachment":[{"href":"https:\/\/www.sanwey.com.br\/global\/wp-json\/wp\/v2\/media?parent=4068"}],"curies":[{"name":"wp","href":"https:\/\/api.w.org\/{rel}","templated":true}]}}