{"id":3850,"date":"2024-09-23T15:50:15","date_gmt":"2024-09-23T18:50:15","guid":{"rendered":"https:\/\/www.sanwey.com.br\/global\/?page_id=3850"},"modified":"2024-09-27T11:17:37","modified_gmt":"2024-09-27T14:17:37","slug":"pesquisa-de-satisfacao-24","status":"publish","type":"page","link":"https:\/\/www.sanwey.com.br\/global\/pesquisa-de-satisfacao-24\/","title":{"rendered":"Pesquisa de Satisfa\u00e7\u00e3o 2024"},"content":{"rendered":"\t\t<div data-elementor-type=\"wp-page\" data-elementor-id=\"3850\" class=\"elementor elementor-3850\" data-elementor-post-type=\"page\">\n\t\t\t\t\t\t\t\t\t<section class=\"elementor-section elementor-top-section elementor-element elementor-element-2e9c1d9c elementor-section-boxed elementor-section-height-default elementor-section-height-default\" data-id=\"2e9c1d9c\" data-element_type=\"section\">\n\t\t\t\t\t\t<div class=\"elementor-container elementor-column-gap-default\">\n\t\t\t\t\t<div class=\"elementor-column elementor-col-100 elementor-top-column elementor-element elementor-element-2c3588ed\" data-id=\"2c3588ed\" data-element_type=\"column\">\n\t\t\t<div class=\"elementor-widget-wrap elementor-element-populated\">\n\t\t\t\t\t\t\t\t<div class=\"elementor-element elementor-element-91e0b47 elementor-widget elementor-widget-text-editor\" data-id=\"91e0b47\" data-element_type=\"widget\" data-widget_type=\"text-editor.default\">\n\t\t\t\t<div class=\"elementor-widget-container\">\n\t\t\t\t\t\t\t<h2><span style=\"color: var( --e-global-color-text ); font-family: var( --e-global-typography-text-font-family ), Sans-serif; font-weight: var( --e-global-typography-text-font-weight ); background-color: var(--nv-site-bg); font-size: 16px;\">Prezado Cliente,<\/span><\/h2><p>Gostar\u00edamos de saber como foi sua experi\u00eancia com a SANWEY nesse \u00faltimo ano, seu feedback \u00e9 muito importante para n\u00f3s.<\/p><p><span style=\"color: var( --e-global-color-text ); font-family: var( --e-global-typography-text-font-family ), Sans-serif; font-weight: var( --e-global-typography-text-font-weight ); background-color: var(--nv-site-bg);\">O preenchimento da pesquisa levar\u00e1 menos de 3 minutos. A pesquisa \u00e9 referente aos \u00faltimos 12 meses.<\/span><\/p><p>\u00a0<\/p>\t\t\t\t\t\t<\/div>\n\t\t\t\t<\/div>\n\t\t\t\t\t<\/div>\n\t\t<\/div>\n\t\t\t\t\t\t\t<\/div>\n\t\t<\/section>\n\t\t\t\t<section class=\"elementor-section elementor-top-section elementor-element elementor-element-81d5062 elementor-section-boxed elementor-section-height-default elementor-section-height-default\" data-id=\"81d5062\" data-element_type=\"section\">\n\t\t\t\t\t\t<div class=\"elementor-container elementor-column-gap-default\">\n\t\t\t\t\t<div class=\"elementor-column elementor-col-100 elementor-top-column elementor-element elementor-element-b34852a\" data-id=\"b34852a\" data-element_type=\"column\">\n\t\t\t<div class=\"elementor-widget-wrap elementor-element-populated\">\n\t\t\t\t\t\t\t\t<div class=\"elementor-element elementor-element-2c16aad elementor-widget elementor-widget-shortcode\" data-id=\"2c16aad\" data-element_type=\"widget\" data-widget_type=\"shortcode.default\">\n\t\t\t\t<div class=\"elementor-widget-container\">\n\t\t\t\t\t<div class=\"elementor-shortcode\">\n<div class=\"wpcf7 no-js\" id=\"wpcf7-f3072-o1\" lang=\"pt-BR\" dir=\"ltr\">\n<div class=\"screen-reader-response\"><p role=\"status\" aria-live=\"polite\" aria-atomic=\"true\"><\/p> <ul><\/ul><\/div>\n<form action=\"\/global\/wp-json\/wp\/v2\/pages\/3850#wpcf7-f3072-o1\" method=\"post\" class=\"wpcf7-form init\" aria-label=\"Formul\u00e1rios de contato\" novalidate=\"novalidate\" data-status=\"init\">\n<div style=\"display: none;\">\n<input type=\"hidden\" name=\"_wpcf7\" value=\"3072\" \/>\n<input type=\"hidden\" name=\"_wpcf7_version\" value=\"5.9.8\" \/>\n<input type=\"hidden\" name=\"_wpcf7_locale\" value=\"pt_BR\" \/>\n<input type=\"hidden\" name=\"_wpcf7_unit_tag\" value=\"wpcf7-f3072-o1\" \/>\n<input type=\"hidden\" name=\"_wpcf7_container_post\" value=\"0\" \/>\n<input type=\"hidden\" name=\"_wpcf7_posted_data_hash\" value=\"\" \/>\n<\/div>\n<p><script>\n document.addEventListener('wpcf7mailsent', function (event) {\n location = 'https:\/\/www.sanwey.com.br\/global\/pesquisa-recebida-com-sucesso\/';\n }, false);\n<\/script>\n<\/p>\n<p><label> Question\u00e1rio respondido por:<br \/>\n<span class=\"wpcf7-form-control-wrap\" data-name=\"nome\"><input size=\"40\" maxlength=\"400\" class=\"wpcf7-form-control wpcf7-text wpcf7-validates-as-required\" aria-required=\"true\" aria-invalid=\"false\" placeholder=\"Nome\" value=\"\" type=\"text\" name=\"nome\" \/><\/span><br \/>\n<\/label>\n<\/p>\n<p><label>\tEmail:<br \/>\n<span class=\"wpcf7-form-control-wrap\" data-name=\"email\"><input size=\"40\" maxlength=\"400\" class=\"wpcf7-form-control wpcf7-email wpcf7-validates-as-required wpcf7-text wpcf7-validates-as-email\" aria-required=\"true\" aria-invalid=\"false\" placeholder=\"E-Mail\" value=\"\" type=\"email\" name=\"email\" \/><\/span><br \/>\n<\/label>\n<\/p>\n<p><label> Empresa:<br \/>\n<span class=\"wpcf7-form-control-wrap\" data-name=\"empresa\"><input size=\"40\" maxlength=\"400\" class=\"wpcf7-form-control wpcf7-text wpcf7-validates-as-required\" aria-required=\"true\" aria-invalid=\"false\" placeholder=\"Empresa\" value=\"\" type=\"text\" name=\"empresa\" \/><\/span><br \/>\n<\/label>\n<\/p>\n<p><label> 1. Como voc\u00ea avalia o atendimento de nossos consultores?<br \/>\n<span class=\"wpcf7-form-control-wrap\" data-name=\"comoavalia\"><span class=\"wpcf7-form-control wpcf7-radio\"><span class=\"wpcf7-list-item first\"><input type=\"radio\" name=\"comoavalia\" value=\"\u00d3timo\" \/><span class=\"wpcf7-list-item-label\">\u00d3timo<\/span><\/span><span class=\"wpcf7-list-item\"><input type=\"radio\" name=\"comoavalia\" value=\"Bom\" \/><span class=\"wpcf7-list-item-label\">Bom<\/span><\/span><span class=\"wpcf7-list-item\"><input type=\"radio\" name=\"comoavalia\" value=\"Regular\" \/><span class=\"wpcf7-list-item-label\">Regular<\/span><\/span><span class=\"wpcf7-list-item last\"><input type=\"radio\" name=\"comoavalia\" value=\"Ruim\" \/><span class=\"wpcf7-list-item-label\">Ruim<\/span><\/span><\/span><\/span><br \/>\n<\/label>\n<\/p>\n<p><label> Sugest\u00e3o:<br \/>\n<span class=\"wpcf7-form-control-wrap\" data-name=\"sugestaoavalia\"><input size=\"40\" maxlength=\"400\" class=\"wpcf7-form-control wpcf7-text\" aria-invalid=\"false\" value=\"\" type=\"text\" name=\"sugestaoavalia\" \/><\/span><\/label>\n<\/p>\n<p><label> 2. As informa\u00e7\u00f5es s\u00e3o passadas com clareza?<br \/>\n<span class=\"wpcf7-form-control-wrap\" data-name=\"clareza\"><span class=\"wpcf7-form-control wpcf7-radio\"><span class=\"wpcf7-list-item first\"><input type=\"radio\" name=\"clareza\" value=\"\u00d3timo\" \/><span class=\"wpcf7-list-item-label\">\u00d3timo<\/span><\/span><span class=\"wpcf7-list-item\"><input type=\"radio\" name=\"clareza\" value=\"Bom\" \/><span class=\"wpcf7-list-item-label\">Bom<\/span><\/span><span class=\"wpcf7-list-item\"><input type=\"radio\" name=\"clareza\" value=\"Regular\" \/><span class=\"wpcf7-list-item-label\">Regular<\/span><\/span><span class=\"wpcf7-list-item last\"><input type=\"radio\" name=\"clareza\" value=\"Ruim\" \/><span class=\"wpcf7-list-item-label\">Ruim<\/span><\/span><\/span><\/span><br \/>\n<\/label>\n<\/p>\n<p><label>Sugest\u00e3o:<br \/>\n<span class=\"wpcf7-form-control-wrap\" data-name=\"sugestaoclareza\"><input size=\"40\" maxlength=\"400\" class=\"wpcf7-form-control wpcf7-text\" aria-invalid=\"false\" value=\"\" type=\"text\" name=\"sugestaoclareza\" \/><\/span><\/label>\n<\/p>\n<p><label> 3. Como voc\u00ea avalia o \u201cp\u00f3s venda\u201d?<br \/>\n<span class=\"wpcf7-form-control-wrap\" data-name=\"posvenda\"><span class=\"wpcf7-form-control wpcf7-radio\"><span class=\"wpcf7-list-item first\"><input type=\"radio\" name=\"posvenda\" value=\"\u00d3timo\" \/><span class=\"wpcf7-list-item-label\">\u00d3timo<\/span><\/span><span class=\"wpcf7-list-item\"><input type=\"radio\" name=\"posvenda\" value=\"Bom\" \/><span class=\"wpcf7-list-item-label\">Bom<\/span><\/span><span class=\"wpcf7-list-item\"><input type=\"radio\" name=\"posvenda\" value=\"Regular\" \/><span class=\"wpcf7-list-item-label\">Regular<\/span><\/span><span class=\"wpcf7-list-item last\"><input type=\"radio\" name=\"posvenda\" value=\"Ruim\" \/><span class=\"wpcf7-list-item-label\">Ruim<\/span><\/span><\/span><\/span><br \/>\n<\/label>\n<\/p>\n<p><label> Sugest\u00e3o:<br \/>\n<span class=\"wpcf7-form-control-wrap\" data-name=\"sugestaoposvenda\"><input size=\"40\" maxlength=\"400\" class=\"wpcf7-form-control wpcf7-text input-lg\" aria-invalid=\"false\" value=\"\" type=\"text\" name=\"sugestaoposvenda\" \/><\/span><\/label>\n<\/p>\n<p><label><br \/>\n4. Como voc\u00ea avalia o suporte de nossa equipe em geral (Engenharia, Qualidade,Comercial interno)<br \/>\n<span class=\"wpcf7-form-control-wrap\" data-name=\"comoaavaliageral\"><span class=\"wpcf7-form-control wpcf7-radio\"><span class=\"wpcf7-list-item first\"><input type=\"radio\" name=\"comoaavaliageral\" value=\"\u00d3timo\" \/><span class=\"wpcf7-list-item-label\">\u00d3timo<\/span><\/span><span class=\"wpcf7-list-item\"><input type=\"radio\" name=\"comoaavaliageral\" value=\"Bom\" \/><span class=\"wpcf7-list-item-label\">Bom<\/span><\/span><span class=\"wpcf7-list-item\"><input type=\"radio\" name=\"comoaavaliageral\" value=\"Regular\" \/><span class=\"wpcf7-list-item-label\">Regular<\/span><\/span><span class=\"wpcf7-list-item last\"><input type=\"radio\" name=\"comoaavaliageral\" value=\"Ruim\" \/><span class=\"wpcf7-list-item-label\">Ruim<\/span><\/span><\/span><\/span><br \/>\n<\/label>\n<\/p>\n<p><label> Sugest\u00e3o:<br \/>\n<span class=\"wpcf7-form-control-wrap\" data-name=\"sugestaoequipe\"><input size=\"40\" maxlength=\"400\" class=\"wpcf7-form-control wpcf7-text input-lg\" aria-invalid=\"false\" value=\"\" type=\"text\" name=\"sugestaoequipe\" \/><\/span><\/label>\n<\/p>\n<p><label><br \/>\n5. Como voc\u00ea descreveria a qualidade de nossos Big Bags?<br \/>\n<span class=\"wpcf7-form-control-wrap\" data-name=\"comodescrevequalidade\"><span class=\"wpcf7-form-control wpcf7-radio\"><span class=\"wpcf7-list-item first\"><input type=\"radio\" name=\"comodescrevequalidade\" value=\"\u00d3timo\" \/><span class=\"wpcf7-list-item-label\">\u00d3timo<\/span><\/span><span class=\"wpcf7-list-item\"><input type=\"radio\" name=\"comodescrevequalidade\" value=\"Bom\" \/><span class=\"wpcf7-list-item-label\">Bom<\/span><\/span><span class=\"wpcf7-list-item\"><input type=\"radio\" name=\"comodescrevequalidade\" value=\"Regular\" \/><span class=\"wpcf7-list-item-label\">Regular<\/span><\/span><span class=\"wpcf7-list-item last\"><input type=\"radio\" name=\"comodescrevequalidade\" value=\"Ruim\" \/><span class=\"wpcf7-list-item-label\">Ruim<\/span><\/span><\/span><\/span><br \/>\n<\/label>\n<\/p>\n<p><label> Sugest\u00e3o:<br \/>\n<span class=\"wpcf7-form-control-wrap\" data-name=\"sugestaoqualidade\"><input size=\"40\" maxlength=\"400\" class=\"wpcf7-form-control wpcf7-text\" aria-invalid=\"false\" value=\"\" type=\"text\" name=\"sugestaoqualidade\" \/><\/span> <\/label>\n<\/p>\n<p><label><br \/>\n6. Qual o seu grau de satisfa\u00e7\u00e3o com a nossa empresa?<br \/>\n<span class=\"wpcf7-form-control-wrap\" data-name=\"satisfacao\"><span class=\"wpcf7-form-control wpcf7-radio\"><span class=\"wpcf7-list-item first\"><input type=\"radio\" name=\"satisfacao\" value=\"Muito satisfeito\" \/><span class=\"wpcf7-list-item-label\">Muito satisfeito<\/span><\/span><span class=\"wpcf7-list-item\"><input type=\"radio\" name=\"satisfacao\" value=\"Satisfeito\" \/><span class=\"wpcf7-list-item-label\">Satisfeito<\/span><\/span><span class=\"wpcf7-list-item\"><input type=\"radio\" name=\"satisfacao\" value=\"Pouco satisfeito\" \/><span class=\"wpcf7-list-item-label\">Pouco satisfeito<\/span><\/span><span class=\"wpcf7-list-item\"><input type=\"radio\" name=\"satisfacao\" value=\"Insatisfeito\" \/><span class=\"wpcf7-list-item-label\">Insatisfeito<\/span><\/span><span class=\"wpcf7-list-item last\"><input type=\"radio\" name=\"satisfacao\" value=\"Muito insatisfeito\" \/><span class=\"wpcf7-list-item-label\">Muito insatisfeito<\/span><\/span><\/span><\/span><br \/>\n<\/label>\n<\/p>\n<p><label> Sugest\u00e3o:<br \/>\n<span class=\"wpcf7-form-control-wrap\" data-name=\"sugestaosatisfacao\"><input size=\"40\" maxlength=\"400\" class=\"wpcf7-form-control wpcf7-text\" aria-invalid=\"false\" value=\"\" type=\"text\" name=\"sugestaosatisfacao\" \/><\/span><\/label>\n<\/p>\n<p><label><br \/>\n7. Voc\u00ea recomendaria a Sanwey?<br \/>\n<span class=\"wpcf7-form-control-wrap\" data-name=\"recomendaria\"><span class=\"wpcf7-form-control wpcf7-radio\"><span class=\"wpcf7-list-item first\"><input type=\"radio\" name=\"recomendaria\" value=\"sim\" \/><span class=\"wpcf7-list-item-label\">sim<\/span><\/span><span class=\"wpcf7-list-item last\"><input type=\"radio\" name=\"recomendaria\" value=\"n\u00e3o\" \/><span class=\"wpcf7-list-item-label\">n\u00e3o<\/span><\/span><\/span><\/span><br \/>\n<\/label>\n<\/p>\n<p><label>\tSugest\u00e3o:<br \/>\n<span class=\"wpcf7-form-control-wrap\" data-name=\"sugestao\"><textarea cols=\"40\" rows=\"6\" maxlength=\"2000\" class=\"wpcf7-form-control wpcf7-textarea form-control\" aria-invalid=\"false\" placeholder=\"Sugest\u00e3o\" name=\"sugestao\"><\/textarea><\/span><br \/>\n<\/label>\n<\/p>\n<p><label>\t<input class=\"wpcf7-form-control wpcf7-submit has-spinner btn btn-default col-md-12 btn-lg\" type=\"submit\" value=\"Responder Pesquisa\" \/><br \/>\n<\/label>\n<\/p><div class=\"wpcf7-response-output\" aria-hidden=\"true\"><\/div>\n<\/form>\n<\/div>\n<\/div>\n\t\t\t\t<\/div>\n\t\t\t\t<\/div>\n\t\t\t\t\t<\/div>\n\t\t<\/div>\n\t\t\t\t\t\t\t<\/div>\n\t\t<\/section>\n\t\t\t\t<section class=\"elementor-section elementor-top-section elementor-element elementor-element-59c6004 elementor-section-boxed elementor-section-height-default elementor-section-height-default\" data-id=\"59c6004\" data-element_type=\"section\">\n\t\t\t\t\t\t<div class=\"elementor-container elementor-column-gap-default\">\n\t\t\t\t\t<div class=\"elementor-column elementor-col-100 elementor-top-column elementor-element elementor-element-eaa5ede\" data-id=\"eaa5ede\" data-element_type=\"column\">\n\t\t\t<div class=\"elementor-widget-wrap elementor-element-populated\">\n\t\t\t\t\t\t\t\t<div class=\"elementor-element elementor-element-8ebba66 elementor-button-align-stretch elementor-widget elementor-widget-form\" data-id=\"8ebba66\" data-element_type=\"widget\" data-settings=\"{&quot;step_next_label&quot;:&quot;Next&quot;,&quot;step_previous_label&quot;:&quot;Previous&quot;,&quot;button_width&quot;:&quot;100&quot;,&quot;step_type&quot;:&quot;number_text&quot;,&quot;step_icon_shape&quot;:&quot;circle&quot;}\" data-widget_type=\"form.default\">\n\t\t\t\t<div class=\"elementor-widget-container\">\n\t\t\t\t\t<form class=\"elementor-form\" method=\"post\" name=\"New Form\">\n\t\t\t<input type=\"hidden\" name=\"post_id\" value=\"3850\"\/>\n\t\t\t<input type=\"hidden\" name=\"form_id\" value=\"8ebba66\"\/>\n\t\t\t<input type=\"hidden\" name=\"referer_title\" value=\"Sanwey\" \/>\n\n\t\t\t\n\t\t\t<div class=\"elementor-form-fields-wrapper elementor-labels-above\">\n\t\t\t\t\t\t\t\t<div class=\"elementor-field-type-text elementor-field-group elementor-column elementor-field-group-name elementor-col-100\">\n\t\t\t\t\t\t\t\t\t\t\t\t<label for=\"form-field-name\" class=\"elementor-field-label\">\n\t\t\t\t\t\t\t\tName\t\t\t\t\t\t\t<\/label>\n\t\t\t\t\t\t\t\t\t\t\t\t\t\t<input size=\"1\" type=\"text\" name=\"form_fields[name]\" id=\"form-field-name\" class=\"elementor-field elementor-size-sm  elementor-field-textual\" placeholder=\"Name\">\n\t\t\t\t\t\t\t\t\t\t\t<\/div>\n\t\t\t\t\t\t\t\t<div class=\"elementor-field-type-email elementor-field-group elementor-column elementor-field-group-email elementor-col-100 elementor-field-required\">\n\t\t\t\t\t\t\t\t\t\t\t\t<label for=\"form-field-email\" class=\"elementor-field-label\">\n\t\t\t\t\t\t\t\tEmail\t\t\t\t\t\t\t<\/label>\n\t\t\t\t\t\t\t\t\t\t\t\t\t\t<input size=\"1\" type=\"email\" name=\"form_fields[email]\" id=\"form-field-email\" class=\"elementor-field elementor-size-sm  elementor-field-textual\" placeholder=\"Email\" required=\"required\" aria-required=\"true\">\n\t\t\t\t\t\t\t\t\t\t\t<\/div>\n\t\t\t\t\t\t\t\t<div class=\"elementor-field-type-textarea elementor-field-group elementor-column elementor-field-group-message elementor-col-100\">\n\t\t\t\t\t\t\t\t\t\t\t\t<label for=\"form-field-message\" class=\"elementor-field-label\">\n\t\t\t\t\t\t\t\tMessage\t\t\t\t\t\t\t<\/label>\n\t\t\t\t\t\t<textarea class=\"elementor-field-textual elementor-field  elementor-size-sm\" name=\"form_fields[message]\" id=\"form-field-message\" rows=\"4\" placeholder=\"Message\"><\/textarea>\t\t\t\t<\/div>\n\t\t\t\t\t\t\t\t<div class=\"elementor-field-type-textarea elementor-field-group elementor-column elementor-field-group-field_df02157 elementor-col-100\">\n\t\t\t\t\t\t\t\t\t\t\t\t<label for=\"form-field-field_df02157\" class=\"elementor-field-label\">\n\t\t\t\t\t\t\t\tMessage\t\t\t\t\t\t\t<\/label>\n\t\t\t\t\t\t<textarea class=\"elementor-field-textual elementor-field  elementor-size-sm\" name=\"form_fields[field_df02157]\" id=\"form-field-field_df02157\" rows=\"4\" placeholder=\"Message\"><\/textarea>\t\t\t\t<\/div>\n\t\t\t\t\t\t\t\t<div class=\"elementor-field-type-textarea elementor-field-group elementor-column elementor-field-group-field_b02191b elementor-col-100\">\n\t\t\t\t\t\t\t\t\t\t\t\t<label for=\"form-field-field_b02191b\" class=\"elementor-field-label\">\n\t\t\t\t\t\t\t\tMessage\t\t\t\t\t\t\t<\/label>\n\t\t\t\t\t\t<textarea class=\"elementor-field-textual elementor-field  elementor-size-sm\" name=\"form_fields[field_b02191b]\" id=\"form-field-field_b02191b\" rows=\"4\" placeholder=\"Message\"><\/textarea>\t\t\t\t<\/div>\n\t\t\t\t\t\t\t\t<div class=\"elementor-field-group elementor-column elementor-field-type-submit elementor-col-100 e-form__buttons\">\n\t\t\t\t\t<button type=\"submit\" class=\"elementor-button elementor-size-sm\">\n\t\t\t\t\t\t<span >\n\t\t\t\t\t\t\t\t\t\t\t\t\t\t\t<span class=\" elementor-button-icon\">\n\t\t\t\t\t\t\t\t\t\t\t\t\t\t\t\t\t\t\t\t\t\t\t\t\t\t<\/span>\n\t\t\t\t\t\t\t\t\t\t\t\t\t\t\t\t\t\t\t\t\t\t<span class=\"elementor-button-text\">Send<\/span>\n\t\t\t\t\t\t\t\t\t\t\t\t\t<\/span>\n\t\t\t\t\t<\/button>\n\t\t\t\t<\/div>\n\t\t\t<\/div>\n\t\t<\/form>\n\t\t\t\t<\/div>\n\t\t\t\t<\/div>\n\t\t\t\t\t<\/div>\n\t\t<\/div>\n\t\t\t\t\t\t\t<\/div>\n\t\t<\/section>\n\t\t\t\t\t\t\t<\/div>\n\t\t","protected":false},"excerpt":{"rendered":"<p>Prezado Cliente, Gostar\u00edamos de saber como foi sua experi\u00eancia com a SANWEY nesse \u00faltimo ano, seu feedback \u00e9 muito importante para n\u00f3s. O preenchimento da pesquisa levar\u00e1 menos de 3 minutos. A pesquisa \u00e9 referente aos \u00faltimos 12 meses. \u00a0<\/p>\n","protected":false},"author":7,"featured_media":0,"parent":0,"menu_order":0,"comment_status":"closed","ping_status":"closed","template":"","meta":{"neve_meta_sidebar":"full-width","neve_meta_container":"","neve_meta_enable_content_width":"on","neve_meta_content_width":100,"neve_meta_title_alignment":"","neve_meta_author_avatar":"","neve_post_elements_order":"","neve_meta_disable_header":"","neve_meta_disable_footer":"","neve_meta_disable_title":"","footnotes":""},"yoast_head":"<!-- This site is optimized with the Yoast SEO Premium plugin v18.3 (Yoast SEO v18.5) - https:\/\/yoast.com\/wordpress\/plugins\/seo\/ -->\n<title>Pesquisa de Satisfa\u00e7\u00e3o 2024 - Sanwey<\/title>\n<meta name=\"robots\" content=\"index, follow, max-snippet:-1, max-image-preview:large, max-video-preview:-1\" \/>\n<link rel=\"canonical\" href=\"https:\/\/www.sanwey.com.br\/global\/pesquisa-de-satisfacao-24\/\" \/>\n<meta property=\"og:locale\" content=\"pt_BR\" \/>\n<meta property=\"og:type\" content=\"article\" \/>\n<meta property=\"og:title\" content=\"Pesquisa de Satisfa\u00e7\u00e3o 2024\" \/>\n<meta property=\"og:description\" content=\"Prezado Cliente, Gostar\u00edamos de saber como foi sua experi\u00eancia com a SANWEY nesse \u00faltimo ano, seu feedback \u00e9 muito importante para n\u00f3s. O preenchimento da pesquisa levar\u00e1 menos de 3 minutos. A pesquisa \u00e9 referente aos \u00faltimos 12 meses. \u00a0\" \/>\n<meta property=\"og:url\" content=\"https:\/\/www.sanwey.com.br\/global\/pesquisa-de-satisfacao-24\/\" \/>\n<meta property=\"og:site_name\" content=\"Sanwey\" \/>\n<meta property=\"article:modified_time\" content=\"2024-09-27T14:17:37+00:00\" \/>\n<meta name=\"twitter:card\" content=\"summary_large_image\" \/>\n<script type=\"application\/ld+json\" class=\"yoast-schema-graph\">{\"@context\":\"https:\/\/schema.org\",\"@graph\":[{\"@type\":\"WebSite\",\"@id\":\"https:\/\/www.sanwey.com.br\/global\/#website\",\"url\":\"https:\/\/www.sanwey.com.br\/global\/\",\"name\":\"Sanwey\",\"description\":\"Sanwey - Big Bags (FIBC - Contentores Flex\u00edveis)\",\"potentialAction\":[{\"@type\":\"SearchAction\",\"target\":{\"@type\":\"EntryPoint\",\"urlTemplate\":\"https:\/\/www.sanwey.com.br\/global\/?s={search_term_string}\"},\"query-input\":\"required name=search_term_string\"}],\"inLanguage\":\"pt-BR\"},{\"@type\":\"WebPage\",\"@id\":\"https:\/\/www.sanwey.com.br\/global\/pesquisa-de-satisfacao-24\/#webpage\",\"url\":\"https:\/\/www.sanwey.com.br\/global\/pesquisa-de-satisfacao-24\/\",\"name\":\"Pesquisa de Satisfa\u00e7\u00e3o 2024 - Sanwey\",\"isPartOf\":{\"@id\":\"https:\/\/www.sanwey.com.br\/global\/#website\"},\"datePublished\":\"2024-09-23T18:50:15+00:00\",\"dateModified\":\"2024-09-27T14:17:37+00:00\",\"breadcrumb\":{\"@id\":\"https:\/\/www.sanwey.com.br\/global\/pesquisa-de-satisfacao-24\/#breadcrumb\"},\"inLanguage\":\"pt-BR\",\"potentialAction\":[{\"@type\":\"ReadAction\",\"target\":[\"https:\/\/www.sanwey.com.br\/global\/pesquisa-de-satisfacao-24\/\"]}]},{\"@type\":\"BreadcrumbList\",\"@id\":\"https:\/\/www.sanwey.com.br\/global\/pesquisa-de-satisfacao-24\/#breadcrumb\",\"itemListElement\":[{\"@type\":\"ListItem\",\"position\":1,\"name\":\"In\u00edcio\",\"item\":\"https:\/\/www.sanwey.com.br\/global\/\"},{\"@type\":\"ListItem\",\"position\":2,\"name\":\"Pesquisa de Satisfa\u00e7\u00e3o 2024\"}]}]}<\/script>\n<!-- \/ Yoast SEO Premium plugin. -->","yoast_head_json":{"title":"Pesquisa de Satisfa\u00e7\u00e3o 2024 - Sanwey","robots":{"index":"index","follow":"follow","max-snippet":"max-snippet:-1","max-image-preview":"max-image-preview:large","max-video-preview":"max-video-preview:-1"},"canonical":"https:\/\/www.sanwey.com.br\/global\/pesquisa-de-satisfacao-24\/","og_locale":"pt_BR","og_type":"article","og_title":"Pesquisa de Satisfa\u00e7\u00e3o 2024","og_description":"Prezado Cliente, Gostar\u00edamos de saber como foi sua experi\u00eancia com a SANWEY nesse \u00faltimo ano, seu feedback \u00e9 muito importante para n\u00f3s. O preenchimento da pesquisa levar\u00e1 menos de 3 minutos. A pesquisa \u00e9 referente aos \u00faltimos 12 meses. \u00a0","og_url":"https:\/\/www.sanwey.com.br\/global\/pesquisa-de-satisfacao-24\/","og_site_name":"Sanwey","article_modified_time":"2024-09-27T14:17:37+00:00","twitter_card":"summary_large_image","schema":{"@context":"https:\/\/schema.org","@graph":[{"@type":"WebSite","@id":"https:\/\/www.sanwey.com.br\/global\/#website","url":"https:\/\/www.sanwey.com.br\/global\/","name":"Sanwey","description":"Sanwey - Big Bags (FIBC - Contentores Flex\u00edveis)","potentialAction":[{"@type":"SearchAction","target":{"@type":"EntryPoint","urlTemplate":"https:\/\/www.sanwey.com.br\/global\/?s={search_term_string}"},"query-input":"required name=search_term_string"}],"inLanguage":"pt-BR"},{"@type":"WebPage","@id":"https:\/\/www.sanwey.com.br\/global\/pesquisa-de-satisfacao-24\/#webpage","url":"https:\/\/www.sanwey.com.br\/global\/pesquisa-de-satisfacao-24\/","name":"Pesquisa de Satisfa\u00e7\u00e3o 2024 - Sanwey","isPartOf":{"@id":"https:\/\/www.sanwey.com.br\/global\/#website"},"datePublished":"2024-09-23T18:50:15+00:00","dateModified":"2024-09-27T14:17:37+00:00","breadcrumb":{"@id":"https:\/\/www.sanwey.com.br\/global\/pesquisa-de-satisfacao-24\/#breadcrumb"},"inLanguage":"pt-BR","potentialAction":[{"@type":"ReadAction","target":["https:\/\/www.sanwey.com.br\/global\/pesquisa-de-satisfacao-24\/"]}]},{"@type":"BreadcrumbList","@id":"https:\/\/www.sanwey.com.br\/global\/pesquisa-de-satisfacao-24\/#breadcrumb","itemListElement":[{"@type":"ListItem","position":1,"name":"In\u00edcio","item":"https:\/\/www.sanwey.com.br\/global\/"},{"@type":"ListItem","position":2,"name":"Pesquisa de Satisfa\u00e7\u00e3o 2024"}]}]}},"_links":{"self":[{"href":"https:\/\/www.sanwey.com.br\/global\/wp-json\/wp\/v2\/pages\/3850"}],"collection":[{"href":"https:\/\/www.sanwey.com.br\/global\/wp-json\/wp\/v2\/pages"}],"about":[{"href":"https:\/\/www.sanwey.com.br\/global\/wp-json\/wp\/v2\/types\/page"}],"author":[{"embeddable":true,"href":"https:\/\/www.sanwey.com.br\/global\/wp-json\/wp\/v2\/users\/7"}],"replies":[{"embeddable":true,"href":"https:\/\/www.sanwey.com.br\/global\/wp-json\/wp\/v2\/comments?post=3850"}],"version-history":[{"count":14,"href":"https:\/\/www.sanwey.com.br\/global\/wp-json\/wp\/v2\/pages\/3850\/revisions"}],"predecessor-version":[{"id":3870,"href":"https:\/\/www.sanwey.com.br\/global\/wp-json\/wp\/v2\/pages\/3850\/revisions\/3870"}],"wp:attachment":[{"href":"https:\/\/www.sanwey.com.br\/global\/wp-json\/wp\/v2\/media?parent=3850"}],"curies":[{"name":"wp","href":"https:\/\/api.w.org\/{rel}","templated":true}]}}